r of 234 and 52?
26
What is the greatest common divisor of 6 and 9?
3
Calculate the highest common divisor of 9034 and 2.
2
What is the highest common factor of 133 and 14?
7
What is the greatest common divisor of 581 and 7?
7
What is the highest common factor of 44 and 16962?
22
What is the highest common factor of 85 and 1445?
85
Calculate the greatest common factor of 760 and 280.
40
Calculate the highest common divisor of 792 and 495.
99
What is the highest common factor of 312 and 114?
6
Calculate the greatest common divisor of 15111 and 146.
73
What is the highest common divisor of 142 and 20803?
71
Calculate the greatest common divisor of 2800 and 28.
28
Calculate the greatest common divisor of 27384 and 336.
168
What is the greatest common factor of 517 and 564?
47
What is the greatest common factor of 935 and 340?
85
What is the highest common factor of 5642 and 35?
7
What is the greatest common factor of 150 and 125?
25
What is the highest common factor of 2 and 303?
1
Calculate the highest common factor of 1310 and 917.
131
Calculate the highest common factor of 314 and 2041.
157
Calculate the highest common factor of 455 and 84.
7
Calculate the greatest common divisor of 24 and 664.
8
What is the greatest common divisor of 793 and 26?
13
What is the greatest common factor of 65 and 78?
13
What is the greatest common factor of 48 and 644?
4
What is the highest common factor of 11 and 341?
11
What is the highest common factor of 416 and 32?
32
What is the greatest common factor of 116 and 5684?
116
What is the highest common divisor of 50 and 90?
10
Calculate the greatest common divisor of 2439 and 18.
9
Calculate the greatest common factor of 296 and 8.
8
What is the greatest common divisor of 49 and 280?
7
What is the highest common factor of 46 and 26?
2
Calculate the highest common divisor of 209 and 76.
19
Calculate the greatest common divisor of 410 and 2624.
82
Calculate the greatest common divisor of 43 and 387.
43
What is the highest common divisor of 608 and 5?
1
What is the greatest common factor of 1529 and 77?
11
Calculate the highest common divisor of 11 and 72644.
11
What is the greatest common factor of 210 and 20230?
70
What is the highest common divisor of 52 and 4?
4
Calculate the greatest common factor of 49 and 28.
7
Calculate the highest common factor of 18 and 333.
9
What is the greatest common divisor of 17 and 15215?
17
Calculate the highest common factor of 14 and 87.
1
Calculate the greatest common divisor of 64 and 96.
32
What is the highest common divisor of 39 and 40911?
39
What is the highest common factor of 707 and 21?
7
Calculate the greatest common divisor of 7 and 168.
7
Calculate the greatest common divisor of 45 and 375.
15
What is the greatest common divisor of 21 and 7203?
21
Calculate the highest common factor of 2 and 1016.
2
What is the highest common factor of 2387 and 77?
77
Calculate the highest common divisor of 5684 and 4.
4
Calculate the greatest common factor of 13 and 26.
13
What is the greatest common divisor of 75 and 275?
25
What is the greatest common factor of 66 and 110?
22
What is the highest common divisor of 130 and 7475?
65
What is the greatest common factor of 1614 and 66?
6
Calculate the highest common divisor of 3363 and 171.
57
Calculate the greatest common divisor of 111 and 14430.
111
Calculate the greatest common factor of 1400 and 500.
100
Calculate the greatest common factor of 1650 and 44.
22
What is the greatest common divisor of 2028 and 12?
12
Calculate the highest common divisor of 1269 and 27.
27
What is the highest common divisor of 6 and 48?
6
Calculate the highest common divisor of 10543 and 13.
13
Calculate the greatest common divisor of 140 and 1340.
20
Calculate the greatest common factor of 2 and 107.
1
Calculate the greatest common divisor of 176 and 64.
16
What is the highest common divisor of 171 and 323?
19
Calculate the greatest common divisor of 176 and 1936.
176
Calculate the highest common factor of 32 and 736.
32
What is the highest common divisor of 23 and 46?
23
Calculate the highest common factor of 52 and 104.
52
Calculate the greatest common factor of 19 and 1121.
19
Calculate the greatest common factor of 45 and 1215.
45
Calculate the greatest common factor of 273 and 1344.
21
Calculate the highest common divisor of 2536 and 6023.
317
What is the highest common divisor of 12 and 10590?
6
Calculate the highest common divisor of 63 and 9.
9
What is the highest common factor of 980 and 80?
20
Calculate the greatest common factor of 152 and 741.
19
What is the greatest common factor of 1416 and 72?
24
What is the greatest common factor of 28 and 756?
28
Calculate the greatest common factor of 537 and 3.
3
What is the greatest common factor of 428 and 8667?
107
Calculate the highest common divisor of 351 and 13.
13
Calculate the greatest common divisor of 73 and 73.
73
What is the greatest common divisor of 6266 and 241?
241
What is the greatest common divisor of 86 and 22?
2
What is the greatest common divisor of 407 and 11?
11
What is the greatest common divisor of 314 and 40506?
314
What is the greatest common divisor of 9 and 279?
9
What is the greatest common factor of 344 and 8?
8
Calculate the greatest common factor of 1430 and 132.
22
What is the greatest common factor of 4728 and 48?
24
What is the highest common divisor of 6 and 7158?
6
What is the highest common divisor of 35 and 791?
7
What is the greatest common factor of 98 and 7154?
98
Calculate the highest common divisor of 1424 and 445.
89
Calculate the greatest common divisor of 6513 and 2505.
501
What is the greatest common divisor of 15 and 285?
15
Calculate the greatest common divisor of 5070 and 15.
15
What is the highest common factor of 4551 and 492?
123
Calculate the greatest common factor of 1609 and 1.
1
What is the highest common divisor of 880 and 88?
88
What is the greatest common factor of 12565 and 70?
35
What is the highest common factor of 22528 and 1760?
352
Calculate the highest common divisor of 16 and 428.
4
What is the greatest common divisor of 12 and 134?
2
What is the greatest common factor of 44 and 68156?
44
What is the greatest common divisor of 256 and 216?
8
What is the highest common factor of 3332 and 136?
68
What is the greatest common divisor of 42 and 4242?
42
Calculate the highest common factor of 5359 and 69.
23
What is the highest common divisor of 385 and 35?
35
Calculate the highest common divisor of 6 and 54.
6
Calculate the highest common divisor of 598 and 230.
46
What is the highest common factor of 72 and 18?
18
What is the highest common factor of 1287 and 18?
9
Calculate the greatest common divisor of 84 and 10.
2
What is the highest common factor of 6 and 7122?
6
What is the highest common factor of 1598 and 34?
34
What is the highest common factor of 3265 and 5?
5
What is the greatest common factor of 14 and 22?
2
Calculate the highest common divisor of 8 and 124.
4
What is the greatest common factor of 2695 and 550?
55
What is the greatest common factor of 8066 and 148?
74
What is the greatest common divisor of 38050 and 100?
50
What is the greatest common divisor of 27 and 621?
27
What is the greatest common factor of 6144 and 6?
6
Calculate the highest common divisor of 3430 and 10.
10
What is the greatest common divisor of 16252 and 2?
2
Calculate the highest common factor of 138 and 621.
69
Calculate the greatest common divisor of 6858 and 54.
54
What is the highest common divisor of 323 and 1216?
19
What is the greatest common factor of 144 and 1740?
12
Calculate the greatest common divisor of 901 and 53.
53
What is the highest common factor of 336 and 144?
48
What is the highest common divisor of 434 and 140?
14
What is the greatest common factor of 39 and 1248?
39
What is the highest common divisor of 43705 and 5?
5
Calculate the highest common factor of 32016 and 58.
58
What is the greatest common factor of 1333 and 344?
43
Calculate the greatest common divisor of 115 and 10.
5
Calculate the greatest common divisor of 3282 and 78.
6
What is the highest common factor of 146 and 13067?
73
Calculate the greatest common factor of 14399 and 935.
187
What is the greatest common divisor of 578 and 306?
34
Calculate the g